{"id":1019,"date":"2023-04-30T21:02:31","date_gmt":"2023-04-30T21:02:31","guid":{"rendered":"https:\/\/tavernaki.co.rs\/?page_id=1019"},"modified":"2023-07-04T15:48:46","modified_gmt":"2023-07-04T15:48:46","slug":"tavernaki-tradicionalni-grcki-giros-kontakt","status":"publish","type":"page","link":"https:\/\/tavernaki.co.rs\/index.php\/tavernaki-tradicionalni-grcki-giros-kontakt\/","title":{"rendered":"Kontakt"},"content":{"rendered":"\t\t<div data-elementor-type=\"wp-page\" data-elementor-id=\"1019\" class=\"elementor elementor-1019\">\n\t\t\t\t\t\t<section class=\"elementor-section elementor-top-section elementor-element elementor-element-4e6046f elementor-section-full_width elementor-section-height-min-height elementor-section-content-middle elementor-section-stretched elementor-section-height-default elementor-section-items-middle\" data-id=\"4e6046f\" data-element_type=\"section\" data-e-type=\"section\" data-settings=\"{&quot;stretch_section&quot;:&quot;section-stretched&quot;,&quot;background_background&quot;:&quot;classic&quot;}\">\n\t\t\t\t\t\t<div class=\"elementor-container elementor-column-gap-no\">\n\t\t\t\t\t<div class=\"elementor-column elementor-col-100 elementor-top-column elementor-element elementor-element-904013d\" data-id=\"904013d\" data-element_type=\"column\" data-e-type=\"column\">\n\t\t\t<div class=\"elementor-widget-wrap elementor-element-populated\">\n\t\t\t\t\t\t\t<\/div>\n\t\t<\/div>\n\t\t\t\t\t<\/div>\n\t\t<\/section>\n\t\t\t\t<section class=\"elementor-section elementor-top-section elementor-element elementor-element-c11fd01 elementor-section-boxed elementor-section-height-default elementor-section-height-default\" data-id=\"c11fd01\" data-element_type=\"section\" data-e-type=\"section\">\n\t\t\t\t\t\t<div class=\"elementor-container elementor-column-gap-default\">\n\t\t\t\t\t<div class=\"elementor-column elementor-col-100 elementor-top-column elementor-element elementor-element-d4a891b\" data-id=\"d4a891b\" data-element_type=\"column\" data-e-type=\"column\">\n\t\t\t<div class=\"elementor-widget-wrap elementor-element-populated\">\n\t\t\t\t\t\t<div class=\"elementor-element elementor-element-a3e8460 elementor-widget elementor-widget-text-editor\" data-id=\"a3e8460\" data-element_type=\"widget\" data-e-type=\"widget\" data-widget_type=\"text-editor.default\">\n\t\t\t\t<div class=\"elementor-widget-container\">\n\t\t\t\t\t\t\t\t\t<p>Radujemo se \u0161to \u0107emo vas do\u010dekati na na\u0161oj kontakt strani! Otvorite vrata komunikacije i podelite sa nama svoje \u017eelje, pitanja ili bilo kakvu podr\u0161ku koju vam mo\u017eemo pru\u017eiti. Va\u0161e mi\u0161ljenje je dragoceno za nas i \u017eelimo da vam pru\u017eimo najbolje iskustvo. Ostanite povezani s nama i budite deo na\u0161e zajednice koja deli istu strast prema gr\u010dkoj kuhinji. Na\u0161a vrata su \u0161irom otvorena da vam pru\u017eimo informacije o na\u0161im uslugama, rezervacijama ili bilo kakvim posebnim zahtevima. Va\u0161e zadovoljstvo je na\u0161 prioritet, zato nas kontaktirajte i dozvolite nam da vam pru\u017eimo izvanredno iskustvo. U\u017eivajte u putovanju kroz ukuse Gr\u010dke i do\u0111ite da nas posetite &#8211; jedva \u010dekamo da \u010dujemo od vas!<\/p>\t\t\t\t\t\t\t\t<\/div>\n\t\t\t\t<\/div>\n\t\t\t\t\t<\/div>\n\t\t<\/div>\n\t\t\t\t\t<\/div>\n\t\t<\/section>\n\t\t\t\t<section class=\"elementor-section elementor-top-section elementor-element elementor-element-7551edb elementor-section-boxed elementor-section-height-default elementor-section-height-default\" data-id=\"7551edb\" data-element_type=\"section\" data-e-type=\"section\">\n\t\t\t\t\t\t<div class=\"elementor-container elementor-column-gap-default\">\n\t\t\t\t\t<div class=\"elementor-column elementor-col-50 elementor-top-column elementor-element elementor-element-3815464\" data-id=\"3815464\" data-element_type=\"column\" data-e-type=\"column\">\n\t\t\t<div class=\"elementor-widget-wrap elementor-element-populated\">\n\t\t\t\t\t\t<div class=\"elementor-element elementor-element-5a9ac6f elementor-widget__width-initial elementor-widget elementor-widget-wpforms\" data-id=\"5a9ac6f\" data-element_type=\"widget\" data-e-type=\"widget\" data-widget_type=\"wpforms.default\">\n\t\t\t\t<div class=\"elementor-widget-container\">\n\t\t\t\t\t<div class=\"wpforms-container wpforms-container-full wpforms-render-modern\" id=\"wpforms-1121\"><form id=\"wpforms-form-1121\" class=\"wpforms-validate wpforms-form wpforms-ajax-form\" data-formid=\"1121\" method=\"post\" enctype=\"multipart\/form-data\" action=\"\/index.php\/wp-json\/wp\/v2\/pages\/1019\" data-token=\"ca75abf5c6e0026798d3d1587238ffc2\" data-token-time=\"1777501722\"><noscript class=\"wpforms-error-noscript\">Please enable JavaScript in your browser to complete this form.<\/noscript><div id=\"wpforms-error-noscript\" style=\"display: none;\">Please enable JavaScript in your browser to complete this form.<\/div><div class=\"wpforms-field-container\"><div id=\"wpforms-1121-field_1-container\" class=\"wpforms-field wpforms-field-name\" data-field-id=\"1\"><label class=\"wpforms-field-label\" for=\"wpforms-1121-field_1\">Ime &amp; Prezime <span class=\"wpforms-required-label\" aria-hidden=\"true\">*<\/span><\/label><input type=\"text\" id=\"wpforms-1121-field_1\" class=\"wpforms-field-medium wpforms-field-required\" name=\"wpforms[fields][1]\" aria-errormessage=\"wpforms-1121-field_1-error\" required><\/div><div id=\"wpforms-1121-field_5-container\" class=\"wpforms-field wpforms-field-text\" data-field-id=\"5\"><label class=\"wpforms-field-label\" for=\"wpforms-1121-field_5\">Firma (Opcionalno)<\/label><input type=\"text\" id=\"wpforms-1121-field_5\" class=\"wpforms-field-medium\" name=\"wpforms[fields][5]\" aria-errormessage=\"wpforms-1121-field_5-error\" ><\/div><div id=\"wpforms-1121-field_3-container\" class=\"wpforms-field wpforms-field-number\" data-field-id=\"3\"><label class=\"wpforms-field-label\" for=\"wpforms-1121-field_3\">Broj telefona <span class=\"wpforms-required-label\" aria-hidden=\"true\">*<\/span><\/label><input type=\"number\" id=\"wpforms-1121-field_3\" class=\"wpforms-field-medium wpforms-field-required\" name=\"wpforms[fields][3]\" placeholder=\"Upi\u0161ite va\u0161 broj telefona\" step=\"any\" aria-errormessage=\"wpforms-1121-field_3-error\" required><\/div><div id=\"wpforms-1121-field_2-container\" class=\"wpforms-field wpforms-field-email\" data-field-id=\"2\"><label class=\"wpforms-field-label\" for=\"wpforms-1121-field_2\">Email <span class=\"wpforms-required-label\" aria-hidden=\"true\">*<\/span><\/label><input type=\"email\" id=\"wpforms-1121-field_2\" class=\"wpforms-field-medium wpforms-field-required\" name=\"wpforms[fields][2]\" spellcheck=\"false\" aria-errormessage=\"wpforms-1121-field_2-error\" required><\/div><div id=\"wpforms-1121-field_4-container\" class=\"wpforms-field wpforms-field-textarea\" data-field-id=\"4\"><label class=\"wpforms-field-label\" for=\"wpforms-1121-field_4\">Va\u0161e pitanje <span class=\"wpforms-required-label\" aria-hidden=\"true\">*<\/span><\/label><textarea id=\"wpforms-1121-field_4\" class=\"wpforms-field-medium wpforms-field-required\" name=\"wpforms[fields][4]\" aria-errormessage=\"wpforms-1121-field_4-error\" required><\/textarea><\/div><\/div><!-- .wpforms-field-container --><div class=\"wpforms-recaptcha-container wpforms-is-recaptcha wpforms-is-recaptcha-type-v2\" ><div class=\"g-recaptcha\" data-sitekey=\"6Ld2qjMmAAAAAIjsW5aGct9YRTZHkiQp_aC0F561\"><\/div><input type=\"text\" name=\"g-recaptcha-hidden\" class=\"wpforms-recaptcha-hidden\" style=\"position:absolute!important;clip:rect(0,0,0,0)!important;height:1px!important;width:1px!important;border:0!important;overflow:hidden!important;padding:0!important;margin:0!important;\" data-rule-recaptcha=\"1\"><\/div><div class=\"wpforms-submit-container\" ><input type=\"hidden\" name=\"wpforms[id]\" value=\"1121\"><input type=\"hidden\" name=\"page_title\" value=\"\"><input type=\"hidden\" name=\"page_url\" value=\"https:\/\/tavernaki.co.rs\/index.php\/wp-json\/wp\/v2\/pages\/1019\"><input type=\"hidden\" name=\"url_referer\" value=\"\"><button type=\"submit\" name=\"wpforms[submit]\" id=\"wpforms-submit-1121\" class=\"wpforms-submit\" data-alt-text=\"Poruka sa \u0161alje ...\" data-submit-text=\"Po\u0161aljite\" aria-live=\"assertive\" value=\"wpforms-submit\">Po\u0161aljite<\/button><img decoding=\"async\" src=\"https:\/\/tavernaki.co.rs\/wp-content\/plugins\/wpforms-lite\/assets\/images\/submit-spin.svg\" class=\"wpforms-submit-spinner\" style=\"display: none;\" width=\"26\" height=\"26\" alt=\"Loading\"><\/div><\/form><\/div>  <!-- .wpforms-container -->\t\t\t\t<\/div>\n\t\t\t\t<\/div>\n\t\t\t\t\t<\/div>\n\t\t<\/div>\n\t\t\t\t<div class=\"elementor-column elementor-col-50 elementor-top-column elementor-element elementor-element-535e0a1\" data-id=\"535e0a1\" data-element_type=\"column\" data-e-type=\"column\">\n\t\t\t<div class=\"elementor-widget-wrap elementor-element-populated\">\n\t\t\t\t\t\t<div class=\"elementor-element elementor-element-5e0a42a elementor-widget__width-initial elementor-widget elementor-widget-image\" data-id=\"5e0a42a\" data-element_type=\"widget\" data-e-type=\"widget\" data-widget_type=\"image.default\">\n\t\t\t\t<div class=\"elementor-widget-container\">\n\t\t\t\t\t\t\t\t\t\t\t\t\t\t\t<img fetchpriority=\"high\" decoding=\"async\" width=\"638\" height=\"1024\" src=\"https:\/\/tavernaki.co.rs\/wp-content\/uploads\/2023\/04\/nenadbozuki-e1682951921204-638x1024.png\" class=\"attachment-large size-large wp-image-1067\" alt=\"nenad bozuki\" srcset=\"https:\/\/tavernaki.co.rs\/wp-content\/uploads\/2023\/04\/nenadbozuki-e1682951921204-638x1024.png 638w, https:\/\/tavernaki.co.rs\/wp-content\/uploads\/2023\/04\/nenadbozuki-e1682951921204-187x300.png 187w, https:\/\/tavernaki.co.rs\/wp-content\/uploads\/2023\/04\/nenadbozuki-e1682951921204-768x1232.png 768w, https:\/\/tavernaki.co.rs\/wp-content\/uploads\/2023\/04\/nenadbozuki-e1682951921204-957x1536.png 957w, https:\/\/tavernaki.co.rs\/wp-content\/uploads\/2023\/04\/nenadbozuki-e1682951921204.png 1184w\" sizes=\"(max-width: 638px) 100vw, 638px\" \/>\t\t\t\t\t\t\t\t\t\t\t\t\t\t\t<\/div>\n\t\t\t\t<\/div>\n\t\t\t\t\t<\/div>\n\t\t<\/div>\n\t\t\t\t\t<\/div>\n\t\t<\/section>\n\t\t\t\t<section class=\"elementor-section elementor-top-section elementor-element elementor-element-9f58426 elementor-section-full_width elementor-section-height-min-height elementor-section-content-middle elementor-section-stretched elementor-section-height-default elementor-section-items-middle\" data-id=\"9f58426\" data-element_type=\"section\" data-e-type=\"section\" data-settings=\"{&quot;stretch_section&quot;:&quot;section-stretched&quot;,&quot;background_background&quot;:&quot;classic&quot;}\">\n\t\t\t\t\t\t<div class=\"elementor-container elementor-column-gap-no\">\n\t\t\t\t\t<div class=\"elementor-column elementor-col-100 elementor-top-column elementor-element elementor-element-b37579e\" data-id=\"b37579e\" data-element_type=\"column\" data-e-type=\"column\">\n\t\t\t<div class=\"elementor-widget-wrap elementor-element-populated\">\n\t\t\t\t\t\t\t<\/div>\n\t\t<\/div>\n\t\t\t\t\t<\/div>\n\t\t<\/section>\n\t\t\t\t<section class=\"elementor-section elementor-top-section elementor-element elementor-element-d7f2a6e elementor-section-boxed elementor-section-height-default elementor-section-height-default\" data-id=\"d7f2a6e\" data-element_type=\"section\" data-e-type=\"section\">\n\t\t\t\t\t\t<div class=\"elementor-container elementor-column-gap-default\">\n\t\t\t\t\t<div class=\"elementor-column elementor-col-100 elementor-top-column elementor-element elementor-element-a78acc0\" data-id=\"a78acc0\" data-element_type=\"column\" data-e-type=\"column\">\n\t\t\t<div class=\"elementor-widget-wrap\">\n\t\t\t\t\t\t\t<\/div>\n\t\t<\/div>\n\t\t\t\t\t<\/div>\n\t\t<\/section>\n\t\t\t\t<\/div>\n\t\t","protected":false},"excerpt":{"rendered":"<p>Radujemo se \u0161to \u0107emo vas do\u010dekati na na\u0161oj kontakt strani! Otvorite vrata komunikacije i podelite sa nama svoje \u017eelje, pitanja ili bilo kakvu podr\u0161ku koju vam mo\u017eemo pru\u017eiti. Va\u0161e mi\u0161ljenje je dragoceno za nas i \u017eelimo da vam pru\u017eimo najbolje iskustvo. Ostanite povezani s nama i budite deo na\u0161e zajednice koja deli istu strast prema&#8230;<\/p>\n","protected":false},"author":1,"featured_media":0,"parent":0,"menu_order":0,"comment_status":"closed","ping_status":"closed","template":"","meta":{"ocean_post_layout":"","ocean_both_sidebars_style":"","ocean_both_sidebars_content_width":0,"ocean_both_sidebars_sidebars_width":0,"ocean_sidebar":"0","ocean_second_sidebar":"0","ocean_disable_margins":"enable","ocean_add_body_class":"","ocean_shortcode_before_top_bar":"","ocean_shortcode_after_top_bar":"","ocean_shortcode_before_header":"","ocean_shortcode_after_header":"","ocean_has_shortcode":"","ocean_shortcode_after_title":"","ocean_shortcode_before_footer_widgets":"","ocean_shortcode_after_footer_widgets":"","ocean_shortcode_before_footer_bottom":"","ocean_shortcode_after_footer_bottom":"","ocean_display_top_bar":"default","ocean_display_header":"default","ocean_header_style":"","ocean_center_header_left_menu":"0","ocean_custom_header_template":"0","ocean_custom_logo":0,"ocean_custom_retina_logo":0,"ocean_custom_logo_max_width":0,"ocean_custom_logo_tablet_max_width":0,"ocean_custom_logo_mobile_max_width":0,"ocean_custom_logo_max_height":0,"ocean_custom_logo_tablet_max_height":0,"ocean_custom_logo_mobile_max_height":0,"ocean_header_custom_menu":"0","ocean_menu_typo_font_family":"0","ocean_menu_typo_font_subset":"","ocean_menu_typo_font_size":0,"ocean_menu_typo_font_size_tablet":0,"ocean_menu_typo_font_size_mobile":0,"ocean_menu_typo_font_size_unit":"px","ocean_menu_typo_font_weight":"","ocean_menu_typo_font_weight_tablet":"","ocean_menu_typo_font_weight_mobile":"","ocean_menu_typo_transform":"","ocean_menu_typo_transform_tablet":"","ocean_menu_typo_transform_mobile":"","ocean_menu_typo_line_height":0,"ocean_menu_typo_line_height_tablet":0,"ocean_menu_typo_line_height_mobile":0,"ocean_menu_typo_line_height_unit":"","ocean_menu_typo_spacing":0,"ocean_menu_typo_spacing_tablet":0,"ocean_menu_typo_spacing_mobile":0,"ocean_menu_typo_spacing_unit":"","ocean_menu_link_color":"","ocean_menu_link_color_hover":"","ocean_menu_link_color_active":"","ocean_menu_link_background":"","ocean_menu_link_hover_background":"","ocean_menu_link_active_background":"","ocean_menu_social_links_bg":"","ocean_menu_social_hover_links_bg":"","ocean_menu_social_links_color":"","ocean_menu_social_hover_links_color":"","ocean_disable_title":"default","ocean_disable_heading":"default","ocean_post_title":"","ocean_post_subheading":"","ocean_post_title_style":"","ocean_post_title_background_color":"","ocean_post_title_background":0,"ocean_post_title_bg_image_position":"","ocean_post_title_bg_image_attachment":"","ocean_post_title_bg_image_repeat":"","ocean_post_title_bg_image_size":"","ocean_post_title_height":0,"ocean_post_title_bg_overlay":0.5,"ocean_post_title_bg_overlay_color":"","ocean_disable_breadcrumbs":"default","ocean_breadcrumbs_color":"","ocean_breadcrumbs_separator_color":"","ocean_breadcrumbs_links_color":"","ocean_breadcrumbs_links_hover_color":"","ocean_display_footer_widgets":"default","ocean_display_footer_bottom":"default","ocean_custom_footer_template":"0","footnotes":""},"class_list":["post-1019","page","type-page","status-publish","hentry","entry"],"yoast_head":"<!-- This site is optimized with the Yoast SEO Premium plugin v19.3 (Yoast SEO v26.6) - https:\/\/yoast.com\/wordpress\/plugins\/seo\/ -->\n<title>Kontakt - Tavernaki<\/title>\n<meta name=\"description\" content=\"kontak, contact, tavernaki, giros, posao, grcki giros, tradicija ukusa, fastfood, hedonizam, tradicionalni grcki giros.\" \/>\n<meta name=\"robots\" content=\"index, follow, max-snippet:-1, max-image-preview:large, max-video-preview:-1\" \/>\n<link rel=\"canonical\" href=\"https:\/\/tavernaki.co.rs\/index.php\/tavernaki-tradicionalni-grcki-giros-kontakt\/\" \/>\n<meta property=\"og:locale\" content=\"en_US\" \/>\n<meta property=\"og:type\" content=\"article\" \/>\n<meta property=\"og:title\" content=\"Kontakt\" \/>\n<meta property=\"og:description\" content=\"kontak, contact, tavernaki, giros, posao, grcki giros, tradicija ukusa, fastfood, hedonizam, tradicionalni grcki giros.\" \/>\n<meta property=\"og:url\" content=\"https:\/\/tavernaki.co.rs\/index.php\/tavernaki-tradicionalni-grcki-giros-kontakt\/\" \/>\n<meta property=\"og:site_name\" content=\"Tavernaki\" \/>\n<meta property=\"article:modified_time\" content=\"2023-07-04T15:48:46+00:00\" \/>\n<meta property=\"og:image\" content=\"https:\/\/tavernaki.co.rs\/wp-content\/uploads\/2023\/04\/nenadbozuki-e1682951921204-638x1024.png\" \/>\n<meta name=\"twitter:card\" content=\"summary_large_image\" \/>\n<meta name=\"twitter:label1\" content=\"Est. reading time\" \/>\n\t<meta name=\"twitter:data1\" content=\"2 minutes\" \/>\n<script type=\"application\/ld+json\" class=\"yoast-schema-graph\">{\"@context\":\"https:\/\/schema.org\",\"@graph\":[{\"@type\":\"WebPage\",\"@id\":\"https:\/\/tavernaki.co.rs\/index.php\/tavernaki-tradicionalni-grcki-giros-kontakt\/\",\"url\":\"https:\/\/tavernaki.co.rs\/index.php\/tavernaki-tradicionalni-grcki-giros-kontakt\/\",\"name\":\"Kontakt - Tavernaki\",\"isPartOf\":{\"@id\":\"https:\/\/tavernaki.co.rs\/#website\"},\"primaryImageOfPage\":{\"@id\":\"https:\/\/tavernaki.co.rs\/index.php\/tavernaki-tradicionalni-grcki-giros-kontakt\/#primaryimage\"},\"image\":{\"@id\":\"https:\/\/tavernaki.co.rs\/index.php\/tavernaki-tradicionalni-grcki-giros-kontakt\/#primaryimage\"},\"thumbnailUrl\":\"https:\/\/tavernaki.co.rs\/wp-content\/uploads\/2023\/04\/nenadbozuki-e1682951921204-638x1024.png\",\"datePublished\":\"2023-04-30T21:02:31+00:00\",\"dateModified\":\"2023-07-04T15:48:46+00:00\",\"description\":\"kontak, contact, tavernaki, giros, posao, grcki giros, tradicija ukusa, fastfood, hedonizam, tradicionalni grcki giros.\",\"breadcrumb\":{\"@id\":\"https:\/\/tavernaki.co.rs\/index.php\/tavernaki-tradicionalni-grcki-giros-kontakt\/#breadcrumb\"},\"inLanguage\":\"en-US\",\"potentialAction\":[{\"@type\":\"ReadAction\",\"target\":[\"https:\/\/tavernaki.co.rs\/index.php\/tavernaki-tradicionalni-grcki-giros-kontakt\/\"]}]},{\"@type\":\"ImageObject\",\"inLanguage\":\"en-US\",\"@id\":\"https:\/\/tavernaki.co.rs\/index.php\/tavernaki-tradicionalni-grcki-giros-kontakt\/#primaryimage\",\"url\":\"https:\/\/tavernaki.co.rs\/wp-content\/uploads\/2023\/04\/nenadbozuki-e1682951921204.png\",\"contentUrl\":\"https:\/\/tavernaki.co.rs\/wp-content\/uploads\/2023\/04\/nenadbozuki-e1682951921204.png\",\"width\":1184,\"height\":1900,\"caption\":\"nenad bozuki\"},{\"@type\":\"BreadcrumbList\",\"@id\":\"https:\/\/tavernaki.co.rs\/index.php\/tavernaki-tradicionalni-grcki-giros-kontakt\/#breadcrumb\",\"itemListElement\":[{\"@type\":\"ListItem\",\"position\":1,\"name\":\"Home\",\"item\":\"https:\/\/tavernaki.co.rs\/\"},{\"@type\":\"ListItem\",\"position\":2,\"name\":\"Kontakt\"}]},{\"@type\":\"WebSite\",\"@id\":\"https:\/\/tavernaki.co.rs\/#website\",\"url\":\"https:\/\/tavernaki.co.rs\/\",\"name\":\"Tavernaki tradicionalni gr\u010dki gyros i souvlaki\",\"description\":\"Tradicionalni grcki giros\",\"publisher\":{\"@id\":\"https:\/\/tavernaki.co.rs\/#organization\"},\"potentialAction\":[{\"@type\":\"SearchAction\",\"target\":{\"@type\":\"EntryPoint\",\"urlTemplate\":\"https:\/\/tavernaki.co.rs\/?s={search_term_string}\"},\"query-input\":{\"@type\":\"PropertyValueSpecification\",\"valueRequired\":true,\"valueName\":\"search_term_string\"}}],\"inLanguage\":\"en-US\"},{\"@type\":\"Organization\",\"@id\":\"https:\/\/tavernaki.co.rs\/#organization\",\"name\":\"Tavernaki\",\"url\":\"https:\/\/tavernaki.co.rs\/\",\"logo\":{\"@type\":\"ImageObject\",\"inLanguage\":\"en-US\",\"@id\":\"https:\/\/tavernaki.co.rs\/#\/schema\/logo\/image\/\",\"url\":\"https:\/\/tavernaki.co.rs\/wp-content\/uploads\/2024\/04\/Logo5.png\",\"contentUrl\":\"https:\/\/tavernaki.co.rs\/wp-content\/uploads\/2024\/04\/Logo5.png\",\"width\":900,\"height\":900,\"caption\":\"Tavernaki\"},\"image\":{\"@id\":\"https:\/\/tavernaki.co.rs\/#\/schema\/logo\/image\/\"}}]}<\/script>\n<!-- \/ Yoast SEO Premium plugin. -->","yoast_head_json":{"title":"Kontakt - Tavernaki","description":"kontak, contact, tavernaki, giros, posao, grcki giros, tradicija ukusa, fastfood, hedonizam, tradicionalni grcki giros.","robots":{"index":"index","follow":"follow","max-snippet":"max-snippet:-1","max-image-preview":"max-image-preview:large","max-video-preview":"max-video-preview:-1"},"canonical":"https:\/\/tavernaki.co.rs\/index.php\/tavernaki-tradicionalni-grcki-giros-kontakt\/","og_locale":"en_US","og_type":"article","og_title":"Kontakt","og_description":"kontak, contact, tavernaki, giros, posao, grcki giros, tradicija ukusa, fastfood, hedonizam, tradicionalni grcki giros.","og_url":"https:\/\/tavernaki.co.rs\/index.php\/tavernaki-tradicionalni-grcki-giros-kontakt\/","og_site_name":"Tavernaki","article_modified_time":"2023-07-04T15:48:46+00:00","og_image":[{"url":"https:\/\/tavernaki.co.rs\/wp-content\/uploads\/2023\/04\/nenadbozuki-e1682951921204-638x1024.png","type":"","width":"","height":""}],"twitter_card":"summary_large_image","twitter_misc":{"Est. reading time":"2 minutes"},"schema":{"@context":"https:\/\/schema.org","@graph":[{"@type":"WebPage","@id":"https:\/\/tavernaki.co.rs\/index.php\/tavernaki-tradicionalni-grcki-giros-kontakt\/","url":"https:\/\/tavernaki.co.rs\/index.php\/tavernaki-tradicionalni-grcki-giros-kontakt\/","name":"Kontakt - Tavernaki","isPartOf":{"@id":"https:\/\/tavernaki.co.rs\/#website"},"primaryImageOfPage":{"@id":"https:\/\/tavernaki.co.rs\/index.php\/tavernaki-tradicionalni-grcki-giros-kontakt\/#primaryimage"},"image":{"@id":"https:\/\/tavernaki.co.rs\/index.php\/tavernaki-tradicionalni-grcki-giros-kontakt\/#primaryimage"},"thumbnailUrl":"https:\/\/tavernaki.co.rs\/wp-content\/uploads\/2023\/04\/nenadbozuki-e1682951921204-638x1024.png","datePublished":"2023-04-30T21:02:31+00:00","dateModified":"2023-07-04T15:48:46+00:00","description":"kontak, contact, tavernaki, giros, posao, grcki giros, tradicija ukusa, fastfood, hedonizam, tradicionalni grcki giros.","breadcrumb":{"@id":"https:\/\/tavernaki.co.rs\/index.php\/tavernaki-tradicionalni-grcki-giros-kontakt\/#breadcrumb"},"inLanguage":"en-US","potentialAction":[{"@type":"ReadAction","target":["https:\/\/tavernaki.co.rs\/index.php\/tavernaki-tradicionalni-grcki-giros-kontakt\/"]}]},{"@type":"ImageObject","inLanguage":"en-US","@id":"https:\/\/tavernaki.co.rs\/index.php\/tavernaki-tradicionalni-grcki-giros-kontakt\/#primaryimage","url":"https:\/\/tavernaki.co.rs\/wp-content\/uploads\/2023\/04\/nenadbozuki-e1682951921204.png","contentUrl":"https:\/\/tavernaki.co.rs\/wp-content\/uploads\/2023\/04\/nenadbozuki-e1682951921204.png","width":1184,"height":1900,"caption":"nenad bozuki"},{"@type":"BreadcrumbList","@id":"https:\/\/tavernaki.co.rs\/index.php\/tavernaki-tradicionalni-grcki-giros-kontakt\/#breadcrumb","itemListElement":[{"@type":"ListItem","position":1,"name":"Home","item":"https:\/\/tavernaki.co.rs\/"},{"@type":"ListItem","position":2,"name":"Kontakt"}]},{"@type":"WebSite","@id":"https:\/\/tavernaki.co.rs\/#website","url":"https:\/\/tavernaki.co.rs\/","name":"Tavernaki tradicionalni gr\u010dki gyros i souvlaki","description":"Tradicionalni grcki giros","publisher":{"@id":"https:\/\/tavernaki.co.rs\/#organization"},"potentialAction":[{"@type":"SearchAction","target":{"@type":"EntryPoint","urlTemplate":"https:\/\/tavernaki.co.rs\/?s={search_term_string}"},"query-input":{"@type":"PropertyValueSpecification","valueRequired":true,"valueName":"search_term_string"}}],"inLanguage":"en-US"},{"@type":"Organization","@id":"https:\/\/tavernaki.co.rs\/#organization","name":"Tavernaki","url":"https:\/\/tavernaki.co.rs\/","logo":{"@type":"ImageObject","inLanguage":"en-US","@id":"https:\/\/tavernaki.co.rs\/#\/schema\/logo\/image\/","url":"https:\/\/tavernaki.co.rs\/wp-content\/uploads\/2024\/04\/Logo5.png","contentUrl":"https:\/\/tavernaki.co.rs\/wp-content\/uploads\/2024\/04\/Logo5.png","width":900,"height":900,"caption":"Tavernaki"},"image":{"@id":"https:\/\/tavernaki.co.rs\/#\/schema\/logo\/image\/"}}]}},"_links":{"self":[{"href":"https:\/\/tavernaki.co.rs\/index.php\/wp-json\/wp\/v2\/pages\/1019","targetHints":{"allow":["GET"]}}],"collection":[{"href":"https:\/\/tavernaki.co.rs\/index.php\/wp-json\/wp\/v2\/pages"}],"about":[{"href":"https:\/\/tavernaki.co.rs\/index.php\/wp-json\/wp\/v2\/types\/page"}],"author":[{"embeddable":true,"href":"https:\/\/tavernaki.co.rs\/index.php\/wp-json\/wp\/v2\/users\/1"}],"replies":[{"embeddable":true,"href":"https:\/\/tavernaki.co.rs\/index.php\/wp-json\/wp\/v2\/comments?post=1019"}],"version-history":[{"count":9,"href":"https:\/\/tavernaki.co.rs\/index.php\/wp-json\/wp\/v2\/pages\/1019\/revisions"}],"predecessor-version":[{"id":1673,"href":"https:\/\/tavernaki.co.rs\/index.php\/wp-json\/wp\/v2\/pages\/1019\/revisions\/1673"}],"wp:attachment":[{"href":"https:\/\/tavernaki.co.rs\/index.php\/wp-json\/wp\/v2\/media?parent=1019"}],"curies":[{"name":"wp","href":"https:\/\/api.w.org\/{rel}","templated":true}]}}